 factor of 372208187?
False
Is 5486 a factor of 340850666?
True
Is 324 a factor of 14951338?
False
Is 27 a factor of 1271621264?
False
Is 336 a factor of 151921919?
False
Is 308 a factor of 1214945606?
False
Does 242 divide 169249374?
False
Does 3 divide 6075061?
False
Is 2 a factor of 5831039?
False
Is 9015560 a multiple of 75?
False
Is 5 a factor of 366062164?
False
Is 1937000 a multiple of 50?
True
Does 1572 divide 41606124?
True
Does 51 divide 696437742?
True
Is 42457973 a multiple of 12?
False
Does 7314 divide 257428513?
False
Does 3235 divide 146210151?
False
Is 18497336 a multiple of 143?
True
Is 150 a factor of 457324228?
False
Is 22341510 a multiple of 215?
True
Does 7413 divide 1966935768?
True
Is 20 a factor of 416816820?
True
Does 1933 divide 33479560?
True
Does 2 divide 414945127?
False
Is 50 a factor of 9098350?
True
Is 87 a factor of 42150630?
True
Is 657913896 a multiple of 141?
True
Does 2310 divide 3465651420?
True
Is 18608833 a multiple of 11?
False
Is 177 a factor of 3280809873?
True
Does 1990 divide 1143748520?
True
Is 30 a factor of 14482828?
False
Is 612 a factor of 2093988966?
False
Is 2386 a factor of 532240549?
False
Is 173002313 a multiple of 1067?
True
Does 1545 divide 693855974?
False
Is 9543680 a multiple of 2667?
False
Is 25430448 a multiple of 6?
True
Does 27 divide 13286079?
True
Does 7 divide 13930977?
False
Is 3010 a factor of 1211422660?
True
Does 122 divide 114395374?
True
Does 1321 divide 936928530?
False
Does 9583 divide 2130259886?
False
Does 42 divide 224041389?
False
Is 613 a factor of 1095182960?
False
Is 348195598 a multiple of 176?
False
Is 2615 a factor of 68180895?
True
Is 114 a factor of 1428606732?
True
Does 14 divide 389330316?
False
Is 78 a factor of 4554591444?
True
Is 61 a factor of 15268936?
False
Is 3157 a factor of 105097339?
False
Is 66950373 a multiple of 1743?
True
Is 4872 a factor of 986453328?
True
Does 13 divide 660003110?
True
Does 8 divide 167367920?
True
Is 70 a factor of 45033648?
False
Does 307 divide 14946602?
True
Is 533273745 a multiple of 1745?
True
Is 455 a factor of 123645433?
False
Is 38943806 a multiple of 45?
False
Is 191451540 a multiple of 805?
True
Is 219 a factor of 252744834?
True
Does 247 divide 17133026?
False
Is 82 a factor of 87960006?
True
Is 460038341 a multiple of 2517?
False
Does 547 divide 1125785123?
False
Is 220 a factor of 117723809?
False
Does 2929 divide 314032735?
True
Is 91 a factor of 8184813?
True
Is 60 a factor of 58267080?
True
Is 1994 a factor of 182686803?
False
Does 138 divide 31134456?
True
Does 576 divide 36525736?
False
Does 8432 divide 849759130?
False
Is 901642 a multiple of 7?
True
Is 3450 a factor of 97597050?
True
Is 559 a factor of 41854566?
True
Is 29452690 a multiple of 784?
False
Does 877 divide 124581302?
False
Does 1993 divide 57344589?
True
Does 2868 divide 65278693?
False
Does 199 divide 220900746?
True
Is 1748363953 a multiple of 19?
False
Is 28 a factor of 109858952?
True
Is 1239 a factor of 1142239005?
False
Does 12 divide 10765248?
True
Does 5 divide 2834748102?
False
Is 377771940 a multiple of 14?
True
Is 66 a factor of 163531236?
True
Is 277833632 a multiple of 32?
True
Is 2921 a factor of 764194941?
True
Does 6 divide 627450857?
False
Is 564233106 a multiple of 87?
True
Is 20 a factor of 15916312?
False
Does 2600 divide 122398410?
False
Does 60 divide 86409720?
True
Does 288 divide 50666400?
True
Is 732333680 a multiple of 208?
True
Is 219 a factor of 17847843?
True
Does 150 divide 281352750?
True
Does 34 divide 17850650?
False
Is 3410295728 a multiple of 14?
True
Is 1110901848 a multiple of 215?
False
Does 676 divide 3395199200?
False
Is 2613750 a multiple of 13?
False
Is 64 a factor of 272194191?
False
Is 79 a factor of 1179042847?
True
Does 3 divide 9558255?
True
Is 1166 a factor of 70352640?
False
Is 83827592 a multiple of 253?
False
Is 12 a factor of 285449400?
True
Is 405 a factor of 479851290?
True
Does 34 divide 191048280?
False
Does 22 divide 33558734?
True
Is 35 a factor of 247721075?
True
Is 2450 a factor of 119003850?
True
Is 455 a factor of 57220345?
True
Is 1810 a factor of 53565140?
True
Does 1114 divide 2337673300?
True
Is 89947087 a multiple of 16?
False
Is 135 a factor of 94833450?
True
Is 511680596 a multiple of 764?
True
Does 9 divide 10868383?
False
Does 317 divide 1314355544?
True
Is 155032161 a multiple of 32?
False
Is 9029090 a multiple of 14?
True
Does 15 divide 431595065?
False
Is 15179616 a multiple of 4?
True
Is 49 a factor of 181315631?
True
Does 353 divide 610363345?
False
Is 3 a factor of 242792811?
True
Is 277 a factor of 12187653?
False
Is 328 a factor of 507963466?
False
Is 299 a factor of 151587478?
False
Is 32 a factor of 1532905600?
True
Is 292335231 a multiple of 52?
False
Is 3176280 a multiple of 45?
True
Is 126 a factor of 1172335248?
True
Does 455 divide 752267880?
True
Does 4 divide 2538665?
False
Is 730 a factor of 280845773?
False
Is 7112266 even?
True
Is 1877841680 a multiple of 440?
True
Does 5402 divide 303062042?
False
Does 68 divide 591599916?
False
Is 49 a factor of 622964048?
True
Is 33936018 a multiple of 13645?
False
Is 39 a factor of 30012267?
False
Does 530 divide 13293990?
True
Does 1511 divide 76066762?
True
Is 2145 a factor of 164961225?
True
Does 58 divide 32340104?
True
Is 1088697306 a multiple of 148?
False
Is 2949 a factor of 43110778?
False
Does 19 divide 739873585?
True
Is 80 a factor of 15450080?
True
Is 55 a factor of 7771424?
False
Is 4416005 a multiple of 2?
False
Is 79872565 a multiple of 152?
False
Is 104653688 a multiple of 307?
False
Is 6320 a factor of 1415300800?
True
Is 143 a factor of 115344801?
True
Does 6 divide 27719786?
False
Is 19918335 a multiple of 548?
False
Is 284642108 a multiple of 1478?
True
Is 328398490 a multiple of 70?
True
Is 11680794 a multiple of 9?
True
Is 252 a factor of 906987046?
False
Is 2693772 a multiple of 12?
True
Is 83841920 a multiple of 8?
True
Is 823459448 a multiple of 644?
False
Does 29 divide 18747291?
False
Does 59 divide 331791161?
True
Is 102 a factor of 160077810?
False
Is 1913 a factor of 60249935?
True
Is 15 a factor of 23483595?
True
Is 47 a factor of 194565311?
False
Is 2410 a factor of 47146830?
True
Does 15 divide 266521099?
False
Does 3 divide 54081001?
False
Is 834 a factor of 465444987?
False
Is 6 a factor of 98394364?
False
Is 31 a factor of 2291600393?
False
Does 147 divide 204538419?
False
Is 7628293 a multiple of 8?
False
Is 27508995 a multiple of 1049?
False
Does 895 divide 604491055?
True
Is 130924971 a multiple of 61?
True
Does 1737 divide 412980435?
True
Does 19 divide 1489990648?
False
Is 120 a factor of 89608800?
True
Is 25538938 a multiple of 1179?
False
Is 36693978 a multiple of 57?
True
Does 4263 divide 325919139?
True
Does 47 divide 16562090?
False
Is 152562866 a multiple of 9?
False
Is 58 a factor of 9690050?
False
Does 173 divide 4846859?
False
Does 40 divide 43461961?
False
Is 332062480 a multiple of 36?
False
Is 78987120 a multiple of 24?
True
Is 19252840 a multiple of 184?
True
Is 349236201 a multiple of 2784?
False
Is 292 a factor of 203625616?
True
Is 80195164 a multiple of 299?
False
Is 32063856 a multiple of 161?
False
Does 153 divide 41183316?
True
Is 135 a factor of 3793346450?
False
Does 29 divide 27971573?
True
Does 11 divide 21063933?
True
Does 654 divide 78803906?
False
Does 162 divide 1875832?
False
Is 798887105 a multiple of 4396?
False
Is 48936589 a multiple of 141?
False
Is 142688159 even?
False
Is 13965561 a multiple of 9?
True
Does 43 divide 78042325?
False
Is 231 a factor of 22643775?
True
Does 60 divide 813922298?
False
Is 14823744 a multiple of 52?
True
Is 141683444 a multiple of 58?
True
Is 2295334 a multiple of 17?
False
Is 496366088 a multiple of 58?
True
Does 68 divide 47914976?
True
Is 1620 a factor of 1401363180?
True
Does 5 divide 91226902?
False
Is 4278011 a multiple of 19?
False
Is 34 a factor of 33760170?
False
Is 1723687190 a multiple of 46?
False
Is 680376308 a multiple of 6?
False
Is 11 a factor of 8013819?
True
Is 827 a factor of 122462160?
True
Is 13 a factor of 1385181738?
False
Is 475987200 a multiple of 160?
True
Is 678 a factor of 34980054?
True
Does 895 divide 236852800?
True
Is 28 a factor of 370582817?
False
Is 39953998 a multiple of 